se
Is 15241 prime?
True
Is 2489 composite?
True
Is 1282867 prime?
True
Is 72731 a composite number?
True
Is 21647 composite?
False
Is 1759 prime?
True
Is 599815 prime?
False
Is 610867 a composite number?
False
Is 11447 prime?
True
Is 88039 a prime number?
False
Is 9258341 a prime number?
True
Is 12961 a composite number?
True
Is 946477 a composite number?
True
Is 936759 a prime number?
False
Is 15091 prime?
True
Is 214211 a prime number?
True
Is 111323 a composite number?
False
Is 5497 a composite number?
True
Is 669 composite?
True
Is 2971 a prime number?
True
Is 4589 composite?
True
Is 7177 prime?
True
Is 243095 prime?
False
Is 64777 a prime number?
False
Is 6653 prime?
True
Is 1189 a prime number?
False
Is 545739 composite?
True
Is 213713 a composite number?
False
Is 9649 prime?
True
Is 118707 a composite number?
True
Is 1230043 composite?
True
Is 58945 a prime number?
False
Is 61507 a prime number?
True
Is 190601 prime?
False
Is 79 a prime number?
True
Is 613 composite?
False
Is 20593 a composite number?
False
Is 12071 prime?
True
Is 407 prime?
False
Is 839 a prime number?
True
Is 638627 composite?
True
Is 40123 a composite number?
False
Is 213589 a prime number?
True
Is 80849 a prime number?
True
Is 50627 a composite number?
False
Is 957091 a composite number?
False
Is 42611 prime?
True
Is 713957 prime?
True
Is 226421 a prime number?
False
Is 91193 prime?
True
Is 59509 a composite number?
False
Is 1827307 a prime number?
True
Is 8698 a prime number?
False
Is 6629 a prime number?
False
Is 87221 composite?
False
Is 5007 composite?
True
Is 353359 composite?
False
Is 4447 a prime number?
True
Is 38669 a composite number?
False
Is 263323 prime?
True
Is 62461 prime?
False
Is 1639 prime?
False
Is 2266861 composite?
False
Is 587143 prime?
True
Is 2323 a composite number?
True
Is 1171163 a composite number?
True
Is 455894 a prime number?
False
Is 15689 a composite number?
True
Is 1076341 prime?
False
Is 268811 composite?
False
Is 998 prime?
False
Is 76801 prime?
True
Is 123593 a prime number?
True
Is 14659 a prime number?
False
Is 635249 a prime number?
True
Is 25351 prime?
False
Is 426073 a composite number?
False
Is 1227241 prime?
True
Is 37273 a prime number?
True
Is 4829 a prime number?
False
Is 230651 a prime number?
False
Is 5981 prime?
True
Is 13957 prime?
False
Is 24577 a prime number?
False
Is 205 a composite number?
True
Is 61378 a composite number?
True
Is 136727 a prime number?
True
Is 23407 composite?
True
Is 25091 composite?
True
Is 3774347 a composite number?
False
Is 47939 composite?
False
Is 2053 a prime number?
True
Is 533 composite?
True
Is 2214767 composite?
True
Is 11299 a prime number?
True
Is 15187 composite?
False
Is 38119 a composite number?
False
Is 2307247 a prime number?
True
Is 15859 a prime number?
True
Is 86281 composite?
True
Is 586949 a composite number?
True
Is 52454 a composite number?
True
Is 519251 a prime number?
False
Is 206573 composite?
True
Is 788641 prime?
False
Is 30869 a composite number?
False
Is 375917 a prime number?
False
Is 48903 composite?
True
Is 379 composite?
False
Is 1229351 a composite number?
False
Is 69298 a composite number?
True
Is 243289 a prime number?
False
Is 19289 prime?
True
Is 32105 composite?
True
Is 12409 prime?
True
Is 32479 composite?
False
Is 8791 composite?
True
Is 153473 a composite number?
True
Is 122881 a composite number?
True
Is 32603 prime?
True
Is 13709 a prime number?
True
Is 4586 prime?
False
Is 52963 a prime number?
True
Is 2173 a prime number?
False
Is 1973 prime?
True
Is 251 a prime number?
True
Is 284579 prime?
False
Is 42241 a prime number?
False
Is 468953 a prime number?
True
Is 18923 prime?
False
Is 403537 a composite number?
False
Is 673241 composite?
False
Is 73121 prime?
True
Is 18595 prime?
False
Is 15157 a prime number?
False
Is 247861 a composite number?
True
Is 102891 composite?
True
Is 2153 a prime number?
True
Is 141137 a composite number?
True
Is 39181 composite?
False
Is 358471 a composite number?
False
Is 509 a prime number?
True
Is 47989 a prime number?
False
Is 515567 a composite number?
True
Is 1076813 a prime number?
True
Is 3607 prime?
True
Is 2899 a prime number?
False
Is 260133 a prime number?
False
Is 81593 composite?
True
Is 471617 a composite number?
False
Is 12199 composite?
True
Is 36631 composite?
True
Is 61199 composite?
True
Is 40289 prime?
True
Is 400399 composite?
True
Is 10973 composite?
False
Is 24779 composite?
True
Is 4831 a prime number?
True
Is 188581 a composite number?
True
Is 124427 a composite number?
False
Is 1907 prime?
True
Is 361901 composite?
False
Is 248357 prime?
True
Is 47453 prime?
False
Is 59863 prime?
True
Is 217351 composite?
False
Is 18463 prime?
False
Is 72421 a composite number?
False
Is 173231 a prime number?
False
Is 13217 composite?
False
Is 173429 composite?
False
Is 31817 prime?
True
Is 659 prime?
True
Is 3005 composite?
True
Is 677 composite?
False
Is 246889 composite?
False
Is 531133 a prime number?
True
Is 129515 a prime number?
False
Is 491 a prime number?
True
Is 10421 prime?
False
Is 312443 a composite number?
True
Is 8851 prime?
False
Is 12697 a composite number?
False
Is 1326587 a composite number?
False
Is 3377 prime?
False
Is 17783 prime?
True
Is 31985 a prime number?
False
Is 6029 a composite number?
False
Is 37 a composite number?
False
Is 211 prime?
True
Is 4049 prime?
True
Is 340682 a composite number?
True
Is 24853 a composite number?
True
Is 1074409 a prime number?
False
Is 2873947 a composite number?
False
Is 15683 prime?
True
Is 1427327 a composite number?
True
Is 70769 composite?
False
Is 46211 a composite number?
True
Is 46727 a composite number?
False
Is 77317 a composite number?
False
Is 4105 a prime number?
False
Is 91401 prime?
False
Is 15949 composite?
True
Is 31055 a prime number?
False
Is 1191 a composite number?
True
Is 37165 prime?
False
Is 10667 prime?
True
Is 3943 a composite number?
False
Is 1133131 a composite number?
False
Is 263 a composite number?
False
Is 181037 composite?
True
Is 6128437 composite?
True
Is 112289 a prime number?
True
Is 1068989 a composite number?
False
Is 38557 composite?
False
Is 2193871 a prime number?
False
Is 140345 prime?
False
Is 165811 a composite number?
False
Is 2317567 a prime number?
False
Is 86501 a prime number?
True
Is 38245 prime?
False
Is 9853 a prime number?
False
Is 215713 prime?
False
Is 1973 a prime number?
True
Is 201389 prime?
True
Is 969769 a prime number?
False
Is 198907 composite?
True
Is 363331 prime?
False
Is 777349 a prime number?
True
Is 4362055 a composite number?
True
Is 129773 a prime number?
False
Is 167281 prime?
False
Is 68351 a prime number?
True
Is 595801 composite?
False
Is 2849663 prime?
True
Is 44071 a prime number?
True
Is 6081 composite?
True
Is 30661 a prime number?
True
Is 390953 a prime number?
True
Is 89542 a prime number?
False
Is 13739 a prime number?
False
Is 30241 composite?
False
Is 34061 a composite number?
False
Is 2813 a composite number?
True
Is 37241 a composite number?
True
Is 4899997 composite?
False
Is 54667 a prime number?
True
Is 133247 prime?
False
Is 6679 prime?
True
Is 16349 prime?
True
Is 6593 prime?
False
Is 64777 a prime number?
False
Is 52282 composite?
True
Is 12763 a composite number?
False
Is 215471 a composite number?
False
Is 4955 prime?
False
Is 498397 prime?
True
Is 218181 a prime number?
False
Is 13751 a composite number?
False
Is 2719 a composite number?
False
Is 903949 a composite number?
False
Is 68007 prime?
False
Is 57103 prime?
False
Is 1213 a composite number?
False
Is 63521 a composite number?
False
Is 6803 composite?
False
Is 119651 prime?
False
Is 133691 a prime number?
True
Is 14381 a prime number?
False
Is 1193 a composite number?
False
Is 53891 a composite number?
False
Is 1753 a prime number?
True
Is 358181 a prime number?
True
Is 94079 prime?
True
Is 71527 a prime number?
True
Is 809 prime?
True
Is 23731 prime?
False
Is 895987 a prime number?
True
Is 27179 composite?
False
Is 24809 composite?
False
Is 13799 prime?
True
Is 11359 a prime number?
False
Is 1608601 a composite number?
True
Is 73819 prime?
True
Is 643619 prime?
True
Is 89447 prime?
False
Is 196799 a prime number?
True
Is 307535 a composite number?
True
Is 373987 prime?
True
Is 46329 a composi